00
In base 7, what is -11014 + -2456140?
-2500154
In base 6, what is 5420 + 14152514?
14202334
In base 5, what is 2122131 + 1223?
2123404
In base 8, what is 7 - 5262375?
-5262366
In base 13, what is -1c + 289c902?
289c8b3
In base 6, what is 1025 - 2252?
-1223
In base 11, what is -14 + -16620a?
-166223
In base 6, what is -4435 - -105245?
100410
In base 5, what is -422341144 - 4?
-422341203
In base 4, what is -11 + -2001011013?
-2001011030
In base 15, what is -64ded - 40?
-64e3d
In base 13, what is -48 - 64222?
-6426a
In base 12, what is 65b + 1b4b8?
1bb57
In base 7, what is -1342 + -323?
-1665
In base 5, what is -2241023434 + -1344?
-2241030333
In base 4, what is -2 - -122331233320?
122331233312
In base 12, what is 29301 + 15a?
2945b
In base 7, what is -2335564302 - 4?
-2335564306
In base 4, what is 3130303113311 - -2?
3130303113313
In base 8, what is 25 - 7135254?
-7135227
In base 13, what is 43 + 291b?
2961
In base 4, what is -22200123322 - 1?
-22200123323
In base 9, what is 208 + 10033?
10242
In base 15, what is -5 - 3b2129?
-3b212e
In base 2, what is -100011000101000001 - 1001010100?
-100011001110010101
In base 7, what is 334663510 + -2?
334663505
In base 10, what is -26 - -117263?
117237
In base 7, what is -246214052 + 25?
-246214024
In base 13, what is 18cc + -1377?
555
In base 3, what is 1222 - 100220110222221?
-100220110220222
In base 5, what is 141024232211 - 0?
141024232211
In base 13, what is 476 + -551c?
-5076
In base 10, what is -302 - 1859457?
-1859759
In base 11, what is 5 + 4625619?
4625623
In base 12, what is 0 - -1016556b?
1016556b
In base 7, what is 1456546561 + -5?
1456546553
In base 4, what is 10301020 - 3133232?
1101122
In base 2, what is -1111100001 + -101111110?
-10101011111
In base 7, what is -5 - 5351052100?
-5351052105
In base 10, what is -564484 - 1?
-564485
In base 6, what is -514525233 + 13?
-514525220
In base 16, what is 107a1e8 - -4?
107a1ec
In base 10, what is 8522354 + -3?
8522351
In base 9, what is -4 + -611546?
-611551
In base 13, what is 2599072 - -1?
2599073
In base 13, what is 1a17a7 - 4a?
1a175a
In base 12, what is -58 + -106649?
-1066a5
In base 8, what is -27755647 + 0?
-27755647
In base 15, what is 22009bd - -4?
22009c2
In base 4, what is -32331320323 - -121?
-32331320202
In base 14, what is 8 + -2c8512c?
-2c85124
In base 12, what is -10189 + aaa8?
-12a1
In base 15, what is 779a98 + 14?
779aac
In base 15, what is 6 + 8e53b?
8e542
In base 12, what is 5 - -636b129?
636b132
In base 4, what is 1033 - -11102110103?
11102111202
In base 12, what is -29a2176 - 15?
-29a218b
In base 11, what is 1959a19 + 5?
1959a23
In base 13, what is -1 + 3012a096?
3012a095
In base 12, what is 678651 - 22?
67862b
In base 3, what is -110202 - 2110020012?
-2110200221
In base 6, what is -244 - 1555105?
-1555353
In base 3, what is 1020 - -220001120020012?
220001120021102
In base 13, what is -68a9c + 1034?
-67a68
In base 3, what is 21221100020111021 + -1?
21221100020111020
In base 16, what is -116e + -d0?
-123e
In base 12, what is a2547 + -809?
a193a
In base 6, what is -3 + -140150233?
-140150240
In base 14, what is 166a71b + -3?
166a718
In base 8, what is -43462 + -712?
-44374
In base 5, what is -11403 + 134022?
122114
In base 15, what is -6b - -8356?
82da
In base 9, what is -4 + -20140410?
-20140414
In base 12, what is 5 + -9923866?
-9923861
In base 8, what is -74 - -73067?
72773
In base 15, what is 253470 - -3c?
2534ac
In base 4, what is -22320 - 1023112?
-1112032
In base 4, what is -102111 - -13010122?
12302011
In base 15, what is 117475d + 4?
1174762
In base 16, what is 1108 - -2f22?
402a
In base 7, what is -64 + 13601613?
13601516
In base 11, what is 278 + -10621a?
-105a52
In base 11, what is -9 + a83a084?
a83a076
In base 15, what is 4a9821 + -7?
4a9819
In base 15, what is 2 - -385315?
385317
In base 12, what is 10b - 2b55b1?
-2b54a2
In base 11, what is 8963164 - -1?
8963165
In base 13, what is -28a - a533?
-a7c0
In base 13, what is 1b4 + 1a74c2?
1a76a6
In base 6, what is 2331124 - 1155?
2325525
In base 2, what is 1100101 - 11110001111011?
-11110000010110
In base 11, what is -3502560a - 4?
-35025613
In base 6, what is 130032034 + -35?
130031555
In base 10, what is 12 - 2325345?
-2325333
In base 16, what is 165b - 58c9?
-426e
In base 16, what is 1d9 + -5a1d?
-5844
In base 16, what is -5 - -1bed19?
1bed14
In base 4, what is -20223 - -2230102?
2203213
In base 11, what is -24436 + -4620?
-28a56
In base 12, what is -5b1777b8 + 5?
-5b1777b3
In base 11, what is -1a477 + -1a44?
-21410
In base 3, what is -202 - -102022120121210?
102022120121001
In base 9, what is -448548 - 1621?
-451270
In base 2, what is 11100000001011 + -1000000000011?
10100000001000
In base 9, what is -6 - 3420241?
-3420247
In base 10, what is -352936 - 165?
-353101
In base 2, what is 10 + -100111010100100100000111?
-100111010100100100000101
In base 5, what is 131112401 + -310?
131112041
In base 16, what is a79db5 - 5?
a79db0
In base 16, what is c9 - f5d00?
-f5c37
In base 2, what is -1100010000111 - -11100010101100?
10000000100101
In base 4, what is 10 - 13232201021320?
-13232201021310
In base 14, what is -2b89 - -1010c?
b363
In base 6, what is -35 - 114040131?
-114040210
In base 4, what is 100330110221 + 11?
100330110232
In base 5, what is -124341243 + -343?
-124342141
In base 15, what is -c + 101d196?
101d189
In base 15, what is 195668da - 5?
195668d5
In base 4, what is 10 - -332221021300?
332221021310
In base 16, what is -a4c1d8 - 3?
-a4c1db
In base 6, what is 115052133133 - -4?
115052133141
In base 13, what is -2087 - -113?
-1c74
In base 3, what is -1212 + 1211212122?
1211210210
In base 4, what is 12220300022000 - 1?
12220300021333
In base 16, what is -1b698 - -239?
-1b45f
In base 3, what is 1201 - 12111120000112?
-12111112221211
In base 3, what is -1111 + -2120110100100?
-2120110101211
In base 16, what is 417 + -145b5?
-1419e
In base 15, what is 175e14 + -8?
175e0b
In base 11, what is -166755a1 + -3?
-166755a4
In base 4, what is -3033220210 - 2?
-3033220212
In base 11, what is 1a654 + 9?
1a662
In base 13, what is 31993bc1 + -3?
31993bbb
In base 11, what is -223 - 346037?
-34625a
In base 11, what is -4a + -23445?
-23494
In base 15, what is -14bbb22d + -1?
-14bbb22e
In base 13, what is -7408 - -2ca?
-710b
In base 9, what is -370456 - -122?
-370334
In base 14, what is -b0 + -728d93?
-729063
In base 15, what is 2b3 - 85679?
-853b6
In base 16, what is 2490 - -29e?
272e
In base 10, what is -2082144 + -4?
-2082148
In base 15, what is -244c6 - -68?
-2445d
In base 15, what is 6 + e381195?
e38119b
In base 13, what is 169 + 172a62?
172bcb
In base 16, what is 259 - 1e0a?
-1bb1
In base 11, what is -4226 - -754a?
3324
In base 15, what is 353e1 + 1a?
3540b
In base 8, what is -47406 + -13372?
-63000
In base 12, what is 14 + 1595788?
15957a0
In base 8, what is 217316555 - -7?
217316564
In base 3, what is 2201112 + -1022020202?
-1012112020
In base 7, what is -310425 + -623?
-311351
In base 11, what is -1245 + -2174?
-3409
In base 6, what is 1302354245 + -2?
1302354243
In base 9, what is -277688 - -231?
-277457
In base 5, what is -14002 - 3020323?
-3034330
In base 6, what is -121154225 + 152?
-121154033
In base 6, what is 102242555 - 432?
102242123
In base 6, what is -120154 - 1343?
-121541
In base 5, what is 331302443044 - 4?
331302443040
In base 4, what is -10 + -1032320333?
-1032321003
In base 13, what is 10 - 16c612?
-16c602
In base 12, what is -b6 + -19b260?
-19b356
In base 11, what is 311613 - -3?
311616
In base 8, what is 0 - 102620134?
-102620134
In base 14, what is 389560 + -3?
38955b
In base 16, what is 2 - -fad88?
fad8a
In base 14, what is -5bd90 + -25?
-5bdb5
In base 16, what is 14905 + -1392?
13573
In base 15, what is -104c + -5cac?
-6d09
In base 7, what is -1013406 + -125?
-1013534
In base 3, what is 21211010120000022 + 11?
21211010120000110
In base 6, what is 342311 + -22?
342245
In base 11, what is 248a79 - -26?
248aa4
In base 12, what is -92 - 36a73?
-36b45
In base 12, what is -49 - -10b5077?
10b502a
In base 7, what is -120536 + 4335?
-113201
In base 11, what is -3502525 - -1?
-3502524
In base 4, what is 10 - 11013310210131?
-11013310210121
In base 8, what is 546537 + -1463?
545054
In base 4, what is 230 + -20122231330?
-20122231100
In base 16, what is -2dd54